2. Let i(j) = 4*j**2 + 51*j + 30. Let b be i(-12). List the prime factors of t(b).
17
Let r(o) = o**2 - 4*o + 9. Let t be r(9). Suppose 0 = -2*x + t + 22. Let j = x - 13. What are the prime factors of j?
5
Let v(j) = -4*j - 1. Let a be v(-1). What are the prime factors of 18525/117 + (-4)/a + 1?
2, 79
Let w be 10/2*(11 - 10). Suppose w*a + 222 = 2*g + 40, 4*g - 338 = -3*a. List the prime factors of g.
2, 43
Suppose 310 = 4*p + p. Let i be (0 + p)*26/13. Suppose -4*a + 4*g + 96 = 0, -4*g = 4*a - g - i. List the prime factors of a.
2, 7
Let r(c) = 15*c + 128. Let n(d) = -10*d - 85. Let l(x) = 7*n(x) + 5*r(x). List the prime factors of l(-7).
2, 5
Suppose 0 = -2*k - 2*c + 90, -k - 5*c + 43 = 6. Let a = 99 - k. What are the prime factors of a?
2, 13
Let o = 97 + -92. What are the prime factors of -4*(0 + -205)/(20/o)?
5, 41
Suppose -5*k = 0, 2*u - 22 - 1182 = -k. Let z = u + -417. What are the prime factors of z?
5, 37
Let h(y) = y**2 + 125. Let z be h(0). Let d = z + 40. List the prime factors of d.
3, 5, 11
Let x = -73 - -134. List the prime factors of x.
61
List the prime factors of ((-138)/115)/(6/(-2360)).
2, 59
Suppose 1 = 4*c + 29. Let o be -4 - 7/(c/(-4)). What are the prime factors of (o/(-6))/(6/261)?
2, 29
List the prime factors of (-1476)/(-39) + 2/13.
2, 19
What are the prime factors of 26310/(-6)*8/(-20)?
2, 877
Let c = 2884 + -2123. List the prime factors of c.
761
Suppose -18862 = -8*f - 5654. What are the prime factors of f?
13, 127
Suppose 44*b - 31217 = -2089. List the prime factors of b.
2, 331
Suppose -9 = 5*o - 29. Suppose 11 = -3*g + o*g. List the prime factors of g.
11
Let m = -205 + 810. List the prime factors of m.
5, 11
Let a(j) = 137*j - 1. What are the prime factors of a(1)?
2, 17
Suppose -3*d - 5*j = -1108, j + 1073 = 3*d - j. List the prime factors of d.
19
Suppose 15*a + 14 = 14*a. What are the prime factors of (2/(5 + -1))/(a/(-1512))?
2, 3
Suppose 2 = q - 1, -f + 3*q = 11. What are the prime factors of (1*f)/((-10)/250)?
2, 5
Suppose 0*k + k = 1. List the prime factors of 1287/44 - k/4.
29
Let v(g) = 7*g + 40. Let r(m) = -m**2 + 3*m + 34. Let s be r(7). What are the prime factors of v(s)?
2, 41
Let i = 46 - 10. Let o(a) = -a**2 + 4*a - 6. Let r be o(6). Let j = r + i. What are the prime factors of j?
2, 3
Let w be ((-600)/28)/(1/28). Let c(y) = y**2 - 11*y + 14. Let j be c(10). List the prime factors of (-2)/(j + w/148).
37
Suppose -4770 = 24*j - 30*j. List the prime factors of j.
3, 5, 53
Suppose -23*q + 1065 = -8*q. Suppose 2*x - 340 - q = -c, -5*c + 210 = x. List the prime factors of x.
5, 41
Let p = 175 + 353. List the prime factors of p.
2, 3, 11
Let t(b) = -b**2 + 27*b - 11. What are the prime factors of t(12)?
13
Let m be ((-6)/(-9) + -1)*6. Let q = 4 + m. Suppose -1 - 1 = -q*f + 2*k, -5*f = -3*k - 9. What are the prime factors of f?
3
Let l = -259 + 715. List the prime factors of l.
2, 3, 19
Suppose 11 - 3 = -2*y. What are the prime factors of y*(164/(-8) + -3)?
2, 47
Suppose 59*i - 2167 = 48*i. What are the prime factors of i?
197
Let f(q) = 2 - 4*q + q**2 + 5 + 0. Let x be f(-5). Let i = -27 + x. List the prime factors of i.
5
Suppose 0 = -5*r + 2 + 8. Suppose r*b - 124 = -2*j, j - 2*b + 10 = 69. What are the prime factors of j?
61
Let t(c) = -6*c**3 + c**2 + 4*c + 4. Let h be t(-3). Suppose 3*s + q = 5*s - h, 0 = 3*s - 4*q - 257. List the prime factors of s.
79
Let d(x) = x**3 - 7*x**2 - 20*x + 27. List the prime factors of d(10).
127
Let z be 19/(-3) + (30/(-18))/(-5). What are the prime factors of (-146)/((-3 - (-30)/9)*z)?
73
Let p(z) = 18*z**2 + 60. List the prime factors of p(11).
2, 3, 373
Let b(a) be the first derivative of 3*a**4/4 - a**2/2 + a - 28. What are the prime factors of b(2)?
23
Suppose -4*k + 277 = 2*b + k, 2*b + 2*k = 280. What are the prime factors of b?
3, 47
Suppose -48 = -3*j + 39. Let n be (3*j)/((-9)/6). Let y = n + 81. List the prime factors of y.
23
Suppose -4*s + 5*s = 0. Suppose -c = -4*o + 173, -4*o = -s*o + 3*c - 153. What are the prime factors of o?
2, 3, 7
Suppose -t = -2*u + 151, u + t = -3 + 71. List the prime factors of u.
73
Suppose 2*d + g - 437 = 0, -5*d - 5*g + 470 = -635. Let y = d + -142. List the prime factors of y.
2, 37
Suppose u = 5*h + 2390, 4*u = 5*h - 2*h + 1451. Let f = h + 699. What are the prime factors of f?
2, 3, 37
Suppose 0 = -18*y + 11100 - 2478. What are the prime factors of y?
479
Let w = -292 + 624. What are the prime factors of w?
2, 83
Let s = -3 + 5. Suppose 17 = -4*v + v - 4*n, -s*v + 27 = -5*n. Let f = 21 - v. List the prime factors of f.
2, 5
Suppose 0 = 2*b + 3*o - 21, -3*b + 4*o - 6 = o. Suppose 58 = p + p. Suppose 0 = b*x - 2*x - p. List the prime factors of x.
29
Suppose 5*q = 4*h + 488, -q - 5*h = q - 215. List the prime factors of q.
2, 5
Suppose 0 = 6*u - 12 - 6. Let n = -55 + 90. Suppose -4*i - 4*v = i - n, 0 = u*v - 15. What are the prime factors of i?
3
Let f(w) = -3*w**3 + 4*w + 10*w**2 - w + 4*w**3 + 7*w. List the prime factors of f(-8).
2, 3
Suppose 5*m - 135 = -4*k, -4*k - 68 = -2*m - 210. List the prime factors of (-1 - 2) + 3 + k.
5, 7
Let s(c) = c**2 + 6*c + 11. Let l be (2 - 6)*(-30)/(-12). Let r be s(l). Suppose -5*u + 3*d + 2*d + 95 = 0, d + r = 3*u. List the prime factors of u.
2
Let h = 0 + 110. Suppose -2*o = -0*o - h. What are the prime factors of o?
5, 11
Suppose -3*c = -4*j + 8 - 18, 2*c = 5*j + 9. List the prime factors of j*((-8 - -4) + -8).
2, 3
Suppose 5217 = 4*o + 5*z, -416 - 4822 = -4*o + 2*z. What are the prime factors of o?
2, 3, 109
Suppose -7*l = -2*l + 2*u + 19, 2*u + 10 = -2*l. Let r(v) = -4*v + 2*v - v**3 - 2*v**2 + 0*v**2. What are the prime factors of r(l)?
3, 5
Suppose 0 = 19*v - 8*v - 16467. List the prime factors of v.
3, 499
Let o be 110/9 + 4 + (-266)/63. Suppose o*z = 17*z - 435. What are the prime factors of z?
3, 29
Let w(z) = z**2 + 35*z - 32. List the prime factors of w(29).
2, 3, 19
Suppose 0 = -2*t - 4*p + 12, -3*t + p = 3 - 0. Suppose 5*x - 4*o - 418 = -3*o, -2*x - o + 170 = t. What are the prime factors of x?
2, 3, 7
Let k = 11 - 8. Suppose -k*s + x - 42 = 0, 3*s + s + 54 = 2*x. Let z = s - -30. What are the prime factors of z?
3, 5
Let f(h) be the third derivative of -h**5/30 + h**4/8 - 2*h**3/3 - 8*h**2. Let q be f(-3). Let v = q - -58. What are the prime factors of v?
3
Let r(v) = -14*v - 18. Let g be r(13). Let y = -136 - g. List the prime factors of y.
2
Let m be 786/7 - (-40)/(-140). Let d = m - 80. List the prime factors of d.
2
Suppose 3*k - 1097 = -3*d + 208, 0 = 2*d - 5*k - 891. What are the prime factors of d?
2, 3, 73
Suppose 0 = -b + 3*w + 27, 2*w = -5*b - 2*w + 40. Suppose -129*v = -127*v + 6. List the prime factors of 0 + v/(b/(-40)).
2, 5
Let l(t) = t**2 + 5*t - 1. Let j be l(-3). Let n(z) = -2*z - 10. Let q be n(j). List the prime factors of (-2)/8 + 317/q.
79
Let r(z) = -226*z - 7. Let o be r(3). What are the prime factors of (-2 - 9/(-5))*o?
137
Suppose -656 = -3*r + 1114. Let i = r - 287. What are the prime factors of i?
3, 101
List the prime factors of ((-254315)/38)/(30/(-12)).
2677
Let l be (22/(-6))/((-3)/9). Suppose 0 = 8*h - l*h. Suppose c + 276 = 5*k, k + 4*c - 48 - 3 = h. What are the prime factors of k?
5, 11
Suppose 187 = 20*x - 1453. List the prime factors of x.
2, 41
Let p(d) = -432*d**2 + 0 - 11*d + 430*d**2 - 3. Suppose w = -5*k - 10 - 15, -4*k = 2*w + 26. What are the prime factors of p(w)?
2
Let a = -41 + 47. List the prime factors of 4*3/a + 70 + 4.
2, 19
Let h(v) = v**3 - v**2 - 2*v - 291. Let u be h(0). Let g = -96 - u. List the prime factors of g.
3, 5, 13
Let a = 69 - 66. Suppose -32 - 4 = -4*u. Let s = u - a. What are the prime factors of s?
2, 3
Let p(l) = 127*l + 481. List the prime factors of p(36).
31, 163
Let o(k) = 2*k**2 - 30*k - 129. What are the prime factors of o(28)?
599
Let m = -24 + 63. Let f be (5/(-2))/(66/(-12) - -5). Suppose -6*y = -f*y - m. What are the prime factors of y?
3, 13
Suppose -541*a + 534*a + 5369 = 0. List the prime factors of a.
13, 59
Suppose l - 3*l - 2*m - 58 = 0, 0 = 4*l - 3*m + 102. Let x = l + 21. What are the prime factors of (156/x)/(4/(-6))?
3, 13
Let d be 7 + 20/(-2 - 3). Let x = d - -15. List the prime factors of x.
2, 3
Let b(m) = 2*m**2 + 6*m + 14. Let v be b(-6). Let n = 119 + v. List the prim